e number?
False
Is 5985571 a composite number?
True
Is 114249 composite?
True
Is 2396797 a prime number?
False
Is 53971591 a composite number?
False
Is 4335343 a prime number?
False
Is 5248493 a composite number?
False
Is 139353607 a composite number?
True
Is 603689 prime?
True
Is 1428887 composite?
False
Is 42629221 a prime number?
True
Is 1570949 composite?
True
Is 120539 composite?
False
Is 2665927 composite?
True
Is 108544951 a prime number?
True
Is 40816679 a prime number?
False
Is 332925247 a prime number?
True
Is 72971573 prime?
False
Is 1030493 a composite number?
False
Is 6383417 a prime number?
True
Is 60138943 composite?
False
Is 480577 prime?
False
Is 2998327 composite?
True
Is 5888521 a composite number?
False
Is 20719499 a prime number?
True
Is 150197141 a prime number?
False
Is 804373 composite?
True
Is 15171691 a composite number?
False
Is 25469881 a prime number?
True
Is 6886129 composite?
True
Is 8598427 a composite number?
False
Is 3078463 a prime number?
True
Is 12078377 composite?
False
Is 3928637 a prime number?
True
Is 1292947 prime?
True
Is 26042443 prime?
False
Is 6722611 composite?
True
Is 70004719 prime?
True
Is 550991 a prime number?
False
Is 66009359 composite?
True
Is 110030317 composite?
True
Is 7481809 a prime number?
True
Is 21970493 a composite number?
False
Is 316058 prime?
False
Is 10437257 a prime number?
False
Is 23996782 a prime number?
False
Is 495807989 prime?
True
Is 569857 a prime number?
False
Is 79548791 a prime number?
False
Is 8066129 a composite number?
False
Is 50776861 composite?
False
Is 6794023 a composite number?
False
Is 4479847 a composite number?
True
Is 27950677 prime?
True
Is 1200607 prime?
True
Is 1220761 prime?
True
Is 19838893 composite?
True
Is 729251 a prime number?
False
Is 317399 a prime number?
True
Is 47169299 composite?
False
Is 300611533 composite?
False
Is 868351961 a prime number?
True
Is 18095591 composite?
False
Is 50307449 a composite number?
False
Is 3507143 prime?
True
Is 1691611 composite?
False
Is 731371 prime?
False
Is 86870767 prime?
False
Is 8569563 a composite number?
True
Is 651010309 a composite number?
True
Is 12731398 prime?
False
Is 565706881 prime?
True
Is 9228881 composite?
False
Is 3178401 composite?
True
Is 26817971 composite?
False
Is 84179 a prime number?
True
Is 384383 composite?
False
Is 9736381 a prime number?
True
Is 6096187 a prime number?
True
Is 45046201 a composite number?
False
Is 6566243 prime?
False
Is 3008059 prime?
False
Is 91451849 prime?
True
Is 337223287 a prime number?
False
Is 8176661 a prime number?
False
Is 6064633 a composite number?
True
Is 257811439 a composite number?
True
Is 3474973 composite?
True
Is 118871299 prime?
False
Is 27681571 a composite number?
False
Is 666331 composite?
True
Is 215148371 prime?
False
Is 5694649 composite?
False
Is 2651527 a prime number?
False
Is 787697 a prime number?
True
Is 5057081 composite?
True
Is 766067245 composite?
True
Is 25165477 a composite number?
True
Is 3082173 a prime number?
False
Is 4443569 composite?
True
Is 39132829 a prime number?
True
Is 16650791 composite?
False
Is 30102389 composite?
True
Is 1924884553 composite?
False
Is 1094103281 composite?
False
Is 10404089 a composite number?
True
Is 542299 composite?
False
Is 24718609 prime?
True
Is 485714311 composite?
True
Is 116238913 prime?
False
Is 18674 composite?
True
Is 50863721 prime?
True
Is 6746785 a prime number?
False
Is 37616303 composite?
False
Is 560461 composite?
True
Is 22174877 composite?
True
Is 49400971 a prime number?
False
Is 3469139 a composite number?
True
Is 127585723 composite?
False
Is 23416447 a prime number?
True
Is 493 a prime number?
False
Is 162769661 a composite number?
False
Is 11757223 composite?
False
Is 55903987 a prime number?
False
Is 9467791 composite?
False
Is 49046857 prime?
True
Is 11090869 a prime number?
False
Is 2524799 a composite number?
False
Is 1546371763 a composite number?
False
Is 3776609 prime?
True
Is 9238897 composite?
False
Is 23877131 a prime number?
False
Is 40170409 prime?
False
Is 1200581 prime?
True
Is 122067717 composite?
True
Is 2811967 a prime number?
False
Is 2697883 a prime number?
False
Is 7636543 composite?
True
Is 221798081 prime?
True
Is 38597467 prime?
True
Is 3571 composite?
False
Is 129286529 a prime number?
False
Is 1895937 a prime number?
False
Is 104754703 prime?
False
Is 51813037 prime?
True
Is 116213523 composite?
True
Is 24796717 prime?
False
Is 114250543 a composite number?
True
Is 636809 a prime number?
True
Is 599899 prime?
True
Is 3622643 a composite number?
False
Is 11393477 a prime number?
True
Is 3546859 composite?
False
Is 1517699 prime?
True
Is 20211077 composite?
False
Is 4706747 a prime number?
False
Is 2033677 composite?
False
Is 84123983 a prime number?
False
Is 340379107 composite?
False
Is 16540417 a prime number?
True
Is 365643881 composite?
False
Is 9223211 a composite number?
False
Is 15329701 composite?
False
Is 6545449 prime?
False
Is 21431593 composite?
False
Is 2893703 a prime number?
True
Is 14680661 composite?
False
Is 40934461 composite?
False
Is 88542023 a prime number?
True
Is 429203 prime?
False
Is 16557899 a prime number?
False
Is 36663797 prime?
True
Is 36329287 a composite number?
True
Is 9558687 composite?
True
Is 3856187 prime?
True
Is 3590441 a prime number?
True
Is 1790557 a prime number?
True
Is 114414071 a composite number?
False
Is 6435523 a composite number?
True
Is 24988853 a prime number?
False
Is 14316661 a prime number?
True
Is 1966807 prime?
True
Is 26856847 prime?
False
Is 230551 a prime number?
True
Is 2235418 a prime number?
False
Is 11718397 composite?
False
Is 7359545 composite?
True
Is 41318801 a composite number?
True
Is 7437479 a prime number?
False
Is 228088997 prime?
False
Is 12213317 a composite number?
False
Is 15389701 a composite number?
False
Is 204056753 a prime number?
True
Is 4424107 prime?
False
Is 66141209 a composite number?
False
Is 271133431 a composite number?
False
Is 18041 composite?
False
Is 1682333 composite?
False
Is 27511567 a composite number?
True
Is 5351321 a composite number?
False
Is 17358049 prime?
True
Is 1297470805 composite?
True
Is 11964517 a composite number?
False
Is 8681819 a prime number?
False
Is 2912521 composite?
False
Is 270671209 a composite number?
False
Is 7003679 prime?
True
Is 3439621 prime?
True
Is 54340373 a prime number?
False
Is 3184241 a composite number?
False
Is 29119397 a prime number?
True
Is 77288131 composite?
True
Is 62009 prime?
False
Is 100503631 composite?
False
Is 1826023 a prime number?
True
Is 97841 a composite number?
False
Is 7263383 a prime number?
True
Is 7238057 prime?
True
Is 8046123 a composite number?
True
Is 3203329 prime?
False
Is 96644461 a prime number?
True
Is 6422333 a composite number?
False
Is 8385211 composite?
False
Is 12705419 a prime number?
True
Is 72500149 a composite number?
False
Is 1851217 composite?
False
Is 426973774 a composite number?
True
Is 63729359 composite?
False
Is 3616757 a prime number?
True
Is 15796981 composite?
True
Is 3836867 prime?
True
Is 717139 a composite number?
False
Is 14922717 composite?
True
Is 14973059 a composite number?
False
Is 2998679 composite?
False
Is 7006667 prime?
True
Is 4357643 prime?
False
Is 808207471 a composite number?
False
Is 36337349 composite?
False
Is 1826477 a composite number?
False
Is 9609023 composite?
False
Is 3496877 a composite number?
False
Is 5192743 a prime number?
True
Is 16139407 a composite number?
False
Is 52077814 a prime number?
False
Is 310847 composite?
True
Is 3183067 a composite number?
False
Is 832902953 a composite number?
False
Is 330107 prime?
False
Is 60147359 a prime number?
True
Is 5158847 a composite number?
False
Is 3232589 prime?
True
Is 132614071 composite?
True
Is 1838671 prime?
True
Is 2731093 a composite number?
True
Is 45307114 composite?
True
Is 1706807 composite?
True
Is 14623789 composite?
False
Is 159091057 a prime number?
False
Is 1459649 a prime number?
False
Is 12912379 composite?
False
Is 33165065 prime?
False
Is 3337421 composite?
False
Is 5684057 a prime number?
True
Is 8962991 a composite number?
True
Is 167119835 a prime number?
False
Is 31139 composite?
False
Is 693737 a prime number?
False
Is 43892449 a composite number?
